
What is -5278 + 5274 - (-2 + 1 + 1 - -7)?
-11
Evaluate (0 - -71) + (-499 - -275 - -233).
80
Evaluate (14 - ((18 - 0) + -23)) + -20.
-1
Calculate -12 - -6 - -16 - (6 + 21 + -10).
-7
2 + -116 + -14 + 92 + -65
-101
Calculate -16 - ((-3 - -14 - (1 + -3)) + -10).
-19
What is (-8 + 14 + 10 - 7) + 7 + -37 + -11?
-32
1492 - 1405 - (57 + 1)
29
What is the value of -19 + 4 + 31 + 1 + -5 - -13?
25
What is the value of 68 + (-20 - (-9 + 45 + -28))?
40
What is 2 + 1 - ((21 - 79) + -9)?
70
-29 - ((-1 - -2) + (-40 - -44) + -18)
-16
What is -5 + 81 + (383 - 522)?
-63
What is the value of (13 + -43 + -3 - -15) + (5 - -73)?
60
2 + 2 + -7 + 25 + (-12 - 3)
7
33 + -23 + -16 + 63
57
What is 23 + (-39 - (-16 - 7)) + 4?
11
Calculate -2582 + 2570 + (1 - -1 - 0 - 13).
-23
26 + -39 + (1 + (127 - 1) - (-36 - -46))
104
Evaluate (7 - (-13 + 3 + 0)) + 15.
32
Evaluate -5 - -1 - (-6 - -19) - (-125 + 132).
-24
2 + 3 + -24 + 15 - 11 - -7
-8
What is the value of -12 - (-35 - -13 - (-1 + -3 - 3))?
3
-63 - (1 + (44 - 73))
-35
What is -174 + (66 - 0) + (7 - (13 + -2))?
-112
Evaluate 50 - (36 + -100 - -60).
54
What is 3 - 0 - (-7 + (24 - 9)) - -22?
17
15 - (34 - (41 - 6))
16
3 - 13 - (111 + -119) - (51 + -13)
-40
What is 7 + -19 + 6 + (-7 - -1 - (-14 + 75))?
-73
Evaluate -4354 + 4132 - (2 + -133).
-91
Calculate 2 + -47 - ((-6 - (-19 - 0 - -9)) + -4).
-45
3 - -34 - (32 + (11 - 38))
32
23 - (-111 + (-1 - -19) - 17) - 1
132
Evaluate (4 + 6 + -13 - 47) + (0 - -8 - 14).
-56
What is the value of -16 + (-9 - ((-13 - (3 - -127)) + 7)) + -13?
98
Calculate -66 + 81 + 2 + -9 + -113.
-105
What is (-100 - (-9 + (26 - 33))) + (1 - 11) + -2?
-96
Evaluate -9 + -2 + -11 - (-25 + -31 + 151).
-117
-34 - (40 + -118) - (0 - 0)
44
(1 + -44 - (2427 + -2445)) + (1 - -1)
-23
Evaluate (6 - 0) + (-43 + 13 - (-5 + -26)).
7
(1 - -2) + -10 + (4806 - 4710)
89
Calculate (-28 - (0 - 1)) + (4573 - 4588).
-42
What is the value of 139 + -131 + 0 + -29 + 18?
-3
1 - (-22 + (8 + -23 - -12 - -8))
18
Evaluate -2 + 25 - (-133 + (159 - -6)).
-9
Calculate 9 + 67 + -52 + (14 - 139 - 4).
-105
What is the value of 81 + (-95 - -46) + 0?
32
What is 37 - (-50 - -45 - -27)?
15
Calculate 39 + 1 + 13 + -9 + 27 + 20 + -48.
43
What is the value of 1 + -1 + 14 - (-26 + (118 - 123))?
45
Evaluate 13 + (4 - -4) + (10 - 17).
14
What is the value of 37 + 28 + -140 + (0 - -28)?
-47
(-2 - (-55 - (-45 + 44 + 0 + 5))) + -4
53
What is (1 - -32) + 508 + -530?
11
Calculate (106 - (39 - 41)) + -162.
-54
383 + -401 - (9 + -5 - 29)
7
Calculate (1 - -1) + (-7 + (-10 - -8) - 23 - -1).
-29
What is the value of (-28 - (-20 - (-19 + 5))) + -21?
-43
Calculate -1067 - -1069 - (-8 - (-3 - -1)).
8
Evaluate 76 - (0 + 0 - -32).
44
Calculate 47 - (-36 - 25 - -68).
40
What is (216 - 266) + 96 + 3?
49
What is (44 - (-4 + 3)) + -33 + 26 + -5?
33
Evaluate -30 + 3 + (1 - 8) + 8 + (5 - 8).
-29
Calculate (17 - 6) + 24 - (30 + -15).
20
Calculate 157 + -26 + -40 + -42.
49
18 + 17 + -46 + 19 + -25 + 28
11
What is 17 - -38 - 6 - 40?
9
Evaluate -29 + (3 + -19 + 21 - 3).
-27
What is -9 + 23 - 11 - -3 - ((1 - 13) + 6)?
12
-6 + 11 + 13 + (-5 - -1) - 6
8
Evaluate -1198 + 1195 - (35 + 1).
-39
Calculate (2 + 0 - 11) + 20353 + -20444.
-100
Calculate 9 + (3 - 1 - -11) - 18.
4
(625 - 610) + (1 - (0 + 29)) - (31 - 1)
-43
What is 27 - 24 - 22 - -16 - (-67 + (-2 - -1))?
65
Evaluate 18 - -5 - (-74 - (-27 - (-20 - -1))).
89
What is the value of 254 + -174 - (-12 + -9)?
101
-2 + (-3 - 5) + 12 + (8 - 27 - -1)
-16
Evaluate -61 + -17 + 13 - -52.
-13
107 + 94 + -301 + 173
73
Calculate 59 + 2 + (30 - (0 + 26)) + (-4 - -1).
62
What is 35 - (6 + -52 + 65)?
16
-84 - (86 + -182) - (36 + -2)
-22
Calculate (2 + -5 + 3 - (-41 + 36) - -53) + 11.
69
What is 480 + -453 - (28 + 4)?
-5
Evaluate (-28 - 9 - -80) + -37.
6
What is 15 + -5 - (0 + -39 + 23 + -38 + 1)?
63
(-10 + -7 + 36 - 27) + (4 - (1 + 15))
-20
What is -1 + 15 - -4 - (73 - 61)?
6
(1 + -1 - 1) + (-1 - 49) + 36
-15
What is the value of -49 + 29 + (-16 + (8 - 0) - -132)?
104
Calculate (37 - 28 - 18) + -7.
-16
What is the value of (-2619 - -2628) + (4 - 1) + -3 + 2?
11
Evaluate 3 + (-1 - 0) + 62 + (-50 + 65 - -28).
107
What is the value of -6 + -1 - (155 + -49 + -29)?
-84
-5 - (-18 + (2 - 70))
81
25 + (-19 + 27 - (10 - 19))
42
4 - (5 - (3 - (-30 - -34 - (-1 + -4))))
-7
(0 + (14 - 23) - (-12 + 6 + 25)) + 4
-24
Evaluate -1 + -8 + 1432 + -1382.
41
Evaluate 8 + (-28 - -62) + -76.
-34
What is the value of (-160 - -61) + -15 - -40?
-74
Calculate -69 + (-1 - -5) + -6 + -22 + 53 + -31.
-71
What is -1 + (-1 - 2) - (73 + -2 + 16 + -28)?
-63
Calculate -6 - (-14 + 102 + -176).
82
Evaluate -5 + -6 + -1 + 18 + 7 + 1 + -4.
10
0 + (-44 - -10) + 69 + -5 + 0
30
Calculate (29 + 11 - 25 - 7) + -61.
-53
What is (-9 - -12) + -3 - ((11 - 16 - -6) + -2)?
1
What is 2 + -38 + 88 + (-37 - 46)?
-31
-139 - -157 - (46 - 3)
-25
(2 + 5 - 19) + 4 + (-13 - -47) + 15
41
Evaluate 12 - (-18 + 1 + -141 + 18 - (4 - 19)).
137
Calculate 10 + 12 + (-8 - -5) + -10 + 3 + 0.
12
(-54 - 7 - 2) + (-5 - -14)
-54
Calculate -151 + 2 + (76 - -1).
-72
What is ((13 - (31 - 7)) + 26 - 4) + -25?
-14
Calculate -92 + -21 - (0 + (-9 - (-13 + 21))).
-96
Calculate -36 - (172 - (131 + -22)).
-99
-12 - (9 + (-50 - -33 - -5))
-9
What is the value of 4 + (-3 - 3 - -5) - (-25 - (7 + -10))?
25
What is (126 - 1) + (-226 - -528 - 293)?
134
13 + -26 + -53 + 15 + 120
69
Evaluate 31 + -7 + (-23 - -30).
31
Calculate 137 - 15 - 14 - (93 + -101).
116
(-36 - -48) + 13 + 9
34
What is 121 + (75 + -43 - 76)?
77
What is the value of (-11 - (-7 + -17 + 12 + -7)) + -78?
-70
What is the value of -2 + (3 - 4) - -2 - (-94 - (-160 - -127))?
60
19 - (65 + (-22 - -20)) - 9
-53
What is the value of (-37 - (33 + (-42 - -2))) + 160?
130
What is the value of (352 - 355) + 2 + -6 + -1 - -48?
40
Evaluate 60 + (-193 + 90 - -46).
3
What is (63 - -38) + (-128 - 53)?
-80
What is -63 + -1 + 13 + (-10 - 14) - -17?
-58
What is the value of 15 - (15 + 9 - (-6 + 21))?
6
What is 8 - 18 - (26 - -13 - 40)?
-9
What is 9 + -24 + (-9 - -18 - 17) + 35?
12
Calculate -80 + 28 + 36 - 12.
-28
(10 - 10) + -8 + 21 + -2 + 35
46
45 - (31 - 6) - (0 - -11) - 31
-22
What is -38 - (58 + -120) - 91?
-67
What is the value of -173 + 114 - (-110 + 48)?
3
What is the value of 1 + 1 - (11000 - 11111)?
113
Evaluate -396 + 491 - (39 - (10 + -5)).
61
What is -19 + 35 + -18 + -4 + -29 + -1 + 0?
-36
Evaluate 86 + (3413 + -3405 - (1 + (1 - -11))).
81
Calculate 24 - 4 - (48 + -63 + 7).
28
What is the value of -147 - (-127 + (116 - 49))?
-87
Calculate (-76 - 3) + 110 + 24.
55
Calculate (-9 - 20 - 1) + -42 + 4.
-68
What is the value of -4 + -46 + -103 - -59?
-94
What is (-9 - -4 - 5 - (7 + -79)) + -10?
52
Calculate -354 + 362 - (-4 - (-45 + -3 - 3)).
-39
-51 - (72 + -26 - (30 - (1 + 3)))
-71
-2828 + 2896 - (69 + 2)
-3
Evaluate (45 + -8 - 2) + -43.
-8
Calculate -2 + (-34 - -172) - 126.
10
What is the value of (-1 - -12 - (-27 + 67 + -38)) + 27?
36
What is the value of (-14 + 18 - (88 + -5 + 6)) + 31 + -21?
-75
Evaluate 175 - (-98 + 259 + -78).
92
What is -19 + 1 + -89 + (-8 - -93)?
-22
Evaluate 65 + -5 + -46 - 47.
-33
Evaluate 46 - (-58 - -91) - (-31 - 0).
44
What is the value of (-19 - 11 - -69) + -55 - (0 + 42)?
-58
Evaluate -5 - (54 + -20 + 4 - 17).
-26
Calculate -6 - ((-1 - -6) + (-29 - (2 + -22)) + -39).
37
What is the value of (16 - ((19 - 6) + 79)) + -9 - 0?
-85
Evaluate -20 - 5 - (6 + -8 + (10 - (0 - -1))).
-32
23 + -4 + -63 + 14 + (4 - -7)
-19
What is the value of -44 + -12 + 58 - (7 - -18)?
-23
What is (0 - 0) + 3 + 9 - (-6694 + 6657)?
49
What is (194 - -32 - 243) + -20 + 1?
-36
What is -45 + 40 - 6 - -31?
20
What is -8 + 10 + 10 + (4 - ((0 - 5) + 47))?
-26
Evaluate 1 + 8 + -1 - (51 + -33).
-10
Calculate (-2 - -2) + 54 + (-51 - 13) + -1 + 35.
24
(0 - -44 - 1) + -38 + (30 - 20) + 29
44
Evaluate 279 + -275 - (-12 + 3) - (0 - -28).
-15
8 + (-61 + 62 + -2 + 11 - 2)
16
-2 - (8 + -29 - -43)
-24
(309 - 264) + -6 + -11
28
Calculate -21 + 29 - (-16 - (-4 + 3 + -6)).
17
122 - -2 - (16 - (-72 + 30 + 39))
105
What is the value of 17 + 1 + 0 - (42 - (25 + (-36 - -43)))?
8
163 + 119 + -252 + -64
-34
Evaluate (735 - 676) + (9 - 58).
10
What is (-35 - -202) + -38 + 13 + (-9 - 0)?
133
What is 15 + (-55 - -23) + 34 + (-6 - 0) + -74?
-63
Calculate 2 + (-1 - -11) + 440 + -476 - -20.
-4
Ca